{"id":7570,"date":"2024-09-09T17:54:27","date_gmt":"2024-09-09T15:54:27","guid":{"rendered":"https:\/\/radowiska.pl\/?page_id=7570"},"modified":"2024-09-09T18:04:10","modified_gmt":"2024-09-09T16:04:10","slug":"radiowezel-szkolny","status":"publish","type":"page","link":"https:\/\/radowiska.pl\/?page_id=7570","title":{"rendered":"Radiow\u0119ze\u0142 szkolny"},"content":{"rendered":"\n<p>Je\u015bli chcesz, aby Tw\u00f3j utw\u00f3r znalaz\u0142 si\u0119 na li\u015bcie radiow\u0119z\u0142a szkolnego wystarczy wype\u0142ni\u0107 poni\u017cszy formularz. W tre\u015bci wystarczy, \u017ce podasz linki do Twojej ulubionej muzyki.<br>Ka\u017cdy utw\u00f3r muzyczny musi zosta\u0107 zweryfikowana przez opiekun\u00f3w Samorz\u0105du Szkolnego i po akceptacji Tw\u00f3j utw\u00f3r pojawi si\u0119 w szkolnym radiow\u0119\u017ale w ci\u0105gu 7 dni.<\/p>\n\n\n\n<div class=\"wp-block-contact-form-7-contact-form-selector\">\n<div class=\"wpcf7 no-js\" id=\"wpcf7-f7572-o1\" lang=\"pl-PL\" dir=\"ltr\" data-wpcf7-id=\"7572\">\n<div class=\"screen-reader-response\"><p role=\"status\" aria-live=\"polite\" aria-atomic=\"true\"><\/p> <ul><\/ul><\/div>\n<form action=\"\/index.php?rest_route=%2Fwp%2Fv2%2Fpages%2F7570#wpcf7-f7572-o1\" method=\"post\" class=\"wpcf7-form init\" aria-label=\"Formularz kontaktowy\" novalidate=\"novalidate\" data-status=\"init\">\n<fieldset class=\"hidden-fields-container\"><input type=\"hidden\" name=\"_wpcf7\" value=\"7572\" \/><input type=\"hidden\" name=\"_wpcf7_version\" value=\"6.1.5\" \/><input type=\"hidden\" name=\"_wpcf7_locale\" value=\"pl_PL\" \/><input type=\"hidden\" name=\"_wpcf7_unit_tag\" value=\"wpcf7-f7572-o1\" \/><input type=\"hidden\" name=\"_wpcf7_container_post\" value=\"0\" \/><input type=\"hidden\" name=\"_wpcf7_posted_data_hash\" value=\"\" \/><input type=\"hidden\" name=\"_wpcf7_recaptcha_response\" value=\"\" \/>\n<\/fieldset>\n<p><label> Adres email<br \/>\n<span class=\"wpcf7-form-control-wrap\" data-name=\"your-email\"><input size=\"40\" maxlength=\"400\" class=\"wpcf7-form-control wpcf7-email wpcf7-text wpcf7-validates-as-email\" aria-invalid=\"false\" value=\"\" type=\"email\" name=\"your-email\" \/><\/span> <\/label>\n<\/p>\n<p><label> Kt\u00f3ra klasa<br \/>\n<span class=\"wpcf7-form-control-wrap\" data-name=\"your-subject\"><input size=\"40\" maxlength=\"400\" class=\"wpcf7-form-control wpcf7-text\" aria-invalid=\"false\" value=\"\" type=\"text\" name=\"your-subject\" \/><\/span> <\/label>\n<\/p>\n<p><label> Linki muzyczne<br \/>\n<span class=\"wpcf7-form-control-wrap\" data-name=\"your-message\"><textarea cols=\"40\" rows=\"10\" maxlength=\"2000\" class=\"wpcf7-form-control wpcf7-textarea\" aria-invalid=\"false\" name=\"your-message\"><\/textarea><\/span> <\/label>\n<\/p>\n<p><input class=\"wpcf7-form-control wpcf7-submit has-spinner\" type=\"submit\" value=\"Wy\u015blij\" \/>\n<\/p><div class=\"wpcf7-response-output\" aria-hidden=\"true\"><\/div>\n<\/form>\n<\/div>\n<\/div>\n\n\n\n<hr class=\"wp-block-separator has-alpha-channel-opacity\"\/>\n\n\n\n<p><strong>Informacja dla nauczycieli (wymaga zalogowania na @radowiska.pl) &#8211; z odpowiednimi uprawnieniami:<\/strong><\/p>\n\n\n\n<ul class=\"wp-block-list\">\n<li><a href=\"https:\/\/drive.google.com\/drive\/folders\/1Ajfazclce6xb1-ZdqqNNFujP_80F0OgG?usp=drive_link\">Komunikaty po przerwie<\/a><\/li>\n\n\n\n<li><a href=\"https:\/\/drive.google.com\/drive\/folders\/1AirCmvPlrrc4gp_auJXR_lzYdrbHCIG1?usp=drive_link\">Komunikat tu\u017c po dzwonku<\/a><\/li>\n\n\n\n<li><a href=\"https:\/\/drive.google.com\/drive\/folders\/1ALdMeZ1w5km4U6koLV4mVKiLHg3u4B-U?usp=drive_link\">Utwory muzyczne<\/a><\/li>\n<\/ul>\n\n\n\n<p><strong>Funkcjonowanie radiow\u0119z\u0142a (harmonogram):<\/strong><br>07:15:00 \u2013 w\u0142\u0105czenie wzmacniacza<br>07:20:00 \u2013 w\u0142\u0105czenie muzyki<br>07:50:00 \u2013 wy\u0142\u0105czenie muzyki<br>07:50:10 \u2013 odtworzenie 3 komunikat\u00f3w, kt\u00f3re maksymalnie mog\u0105 trwa\u0107 3 minuty<br>07:53:00 \u2013 wy\u0142\u0105czenie radiow\u0119z\u0142a (muzyka i syntezator jest wy\u0142\u0105czony, aczkolwiek b\u0119dzie mo\u017cliwo\u015b\u0107 m\u00f3wienia przez mikrofon)<br>08:35:00 \u2013 komunikat, kt\u00f3ry mo\u017ce trwa\u0107 maksymalnie 24 sekundy (promocja)<br>08:35:25 \u2013 w\u0142\u0105czenie muzyki<br>08:45:00 \u2013 wy\u0142\u0105czenie muzyki<br>08:45:10 \u2013 odtworzenie 3 komunikat\u00f3w, kt\u00f3re maksymalnie mog\u0105 trwa\u0107 3 minuty<br>08:48:00 \u2013 wy\u0142\u0105czenie radiow\u0119z\u0142a (muzyka i syntezator jest wy\u0142\u0105czony, aczkolwiek b\u0119dzie mo\u017cliwo\u015b\u0107 m\u00f3wienia przez mikrofon)<br><strong>Taka sekwencja b\u0119dzie trwa\u0142a a\u017c do godziny 14:23:00 gdzie b\u0119dzie ostatnia przerwa z muzyk\u0105 i komunikatami z syntezatora.<\/strong><br><strong>O godz. 15:10:00 \u2013 zostanie wy\u0142\u0105czony wzmacniacz i nie b\u0119dzie mo\u017cliwo\u015bci korzystania z radiow\u0119z\u0142a i mikrofonu.<\/strong><\/p>\n\n\n\n<p>Korzystanie z syntezatora mowy:<br>1)\u00a0https:\/\/text-to-speech.pl\/<br>2) https:\/\/ttsmaker.com\/pl<\/p>\n","protected":false},"excerpt":{"rendered":"<p>Je\u015bli chcesz, aby Tw\u00f3j utw\u00f3r znalaz\u0142 si\u0119 na li\u015bcie radiow\u0119z\u0142a szkolnego wystarczy wype\u0142ni\u0107 poni\u017cszy formularz. W tre\u015bci wystarczy, \u017ce podasz linki do Twojej ulubionej muzyki.Ka\u017cdy utw\u00f3r muzyczny musi zosta\u0107 zweryfikowana przez opiekun\u00f3w Samorz\u0105du Szkolnego i po akceptacji Tw\u00f3j utw\u00f3r pojawi si\u0119 w szkolnym radiow\u0119\u017ale w ci\u0105gu 7 dni. Informacja dla nauczycieli (wymaga zalogowania na @radowiska.pl)&#8230;<\/p>\n<p class=\"more-link-wrap\"><a href=\"https:\/\/radowiska.pl\/?page_id=7570\" class=\"more-link\">Read More<span class=\"screen-reader-text\"> &ldquo;Radiow\u0119ze\u0142 szkolny&rdquo;<\/span> &raquo;<\/a><\/p>\n","protected":false},"author":1,"featured_media":0,"parent":354,"menu_order":0,"comment_status":"closed","ping_status":"closed","template":"","meta":{"footnotes":""},"class_list":["post-7570","page","type-page","status-publish","hentry"],"_links":{"self":[{"href":"https:\/\/radowiska.pl\/index.php?rest_route=\/wp\/v2\/pages\/7570","targetHints":{"allow":["GET"]}}],"collection":[{"href":"https:\/\/radowiska.pl\/index.php?rest_route=\/wp\/v2\/pages"}],"about":[{"href":"https:\/\/radowiska.pl\/index.php?rest_route=\/wp\/v2\/types\/page"}],"author":[{"embeddable":true,"href":"https:\/\/radowiska.pl\/index.php?rest_route=\/wp\/v2\/users\/1"}],"replies":[{"embeddable":true,"href":"https:\/\/radowiska.pl\/index.php?rest_route=%2Fwp%2Fv2%2Fcomments&post=7570"}],"version-history":[{"count":0,"href":"https:\/\/radowiska.pl\/index.php?rest_route=\/wp\/v2\/pages\/7570\/revisions"}],"up":[{"embeddable":true,"href":"https:\/\/radowiska.pl\/index.php?rest_route=\/wp\/v2\/pages\/354"}],"wp:attachment":[{"href":"https:\/\/radowiska.pl\/index.php?rest_route=%2Fwp%2Fv2%2Fmedia&parent=7570"}],"curies":[{"name":"wp","href":"https:\/\/api.w.org\/{rel}","templated":true}]}}